211
List the prime factors of 2704591711.
71, 38092841
List the prime factors of 63986862.
2, 3, 10664477
What are the prime factors of 119873451?
3, 19, 37, 113, 503
What are the prime factors of 58684684?
2, 23, 61, 10457
What are the prime factors of 62305090?
2, 5, 739, 8431
List the prime factors of 1343184075.
3, 5, 1033, 5779
What are the prime factors of 10532697?
3, 7, 137, 523
List the prime factors of 718692473.
263, 2732671
What are the prime factors of 156452281?
769, 203449
List the prime factors of 91888007.
479, 191833
What are the prime factors of 105390811?
105390811
What are the prime factors of 1960233696?
2, 3, 23, 131, 251
What are the prime factors of 48242803?
7, 157, 6271
List the prime factors of 254743173.
3, 28304797
List the prime factors of 208658351.
11, 2969, 6389
List the prime factors of 45138879.
3, 5015431
What are the prime factors of 304833939?
3, 101611313
What are the prime factors of 1163164678?
2, 13, 44737103
What are the prime factors of 72338655?
3, 5, 17, 31, 9151
What are the prime factors of 1758081402?
2, 3, 7, 11, 43, 9833
List the prime factors of 139848000.
2, 3, 5, 5827
What are the prime factors of 1811651655?
3, 5, 11, 2087, 5261
What are the prime factors of 273268318?
2, 53, 2578003
List the prime factors of 4082903.
11, 41, 823
What are the prime factors of 1474200698?
2, 737100349
What are the prime factors of 33889645?
5, 349, 19421
What are the prime factors of 546409407?
3, 349, 521881
What are the prime factors of 6784821?
3, 337, 2237
What are the prime factors of 43135076?
2, 823, 13103
What are the prime factors of 4887379321?
11, 37, 3061, 3923
List the prime factors of 665982802.
2, 23, 263, 55049
What are the prime factors of 75402313?
7, 89, 127, 953
What are the prime factors of 104613485?
5, 139, 150523
List the prime factors of 4292058596.
2, 7, 41, 797, 4691
List the prime factors of 972259951.
13, 103, 726109
List the prime factors of 302365038.
2, 3, 23, 2191051
What are the prime factors of 42108374?
2, 7, 11, 127, 2153
What are the prime factors of 112149122?
2, 1361, 41201
What are the prime factors of 301854112?
2, 7, 311, 619
What are the prime factors of 1958576861?
1958576861
What are the prime factors of 889559806?
2, 89, 569, 8783
List the prime factors of 1434537363.
3, 7, 5099, 13397
List the prime factors of 105421727.
2797, 37691
What are the prime factors of 1215391411?
13, 19, 4920613
List the prime factors of 10778719.
7, 19, 81043
List the prime factors of 1135939110.
2, 3, 5, 5897, 6421
What are the prime factors of 272024015?
5, 47, 607, 1907
List the prime factors of 738054950.
2, 5, 271, 54469
List the prime factors of 2389578522.
2, 3, 398263087
What are the prime factors of 193876997?
193876997
List the prime factors of 15854869.
15854869
What are the prime factors of 2973547117?
2973547117
What are the prime factors of 581086255?
5, 389, 298759
List the prime factors of 58446378.
2, 3, 67, 48463
List the prime factors of 11471375.
5, 91771
List the prime factors of 725506517.
6173, 117529
List the prime factors of 651248672.
2, 20351521
List the prime factors of 94108621.
94108621
List the prime factors of 41257433.
7, 5893919
What are the prime factors of 142337702?
2, 13, 17, 19, 997
What are the prime factors of 146376345?
3, 5, 59, 165397
List the prime factors of 255532049.
17, 41, 197, 1861
List the prime factors of 509756002.
2, 7, 31, 71, 233
List the prime factors of 40381982.
2, 2579, 7829
What are the prime factors of 356044448?
2, 11126389
List the prime factors of 16430561.
7, 293, 8011
List the prime factors of 123378655.
5, 24675731
What are the prime factors of 59300019?
3, 244033
List the prime factors of 100860329.
31, 3253559
What are the prime factors of 3679571334?
2, 3, 271, 2262959
List the prime factors of 2594838111.
3, 864946037
What are the prime factors of 99322926?
2, 3, 16553821
List the prime factors of 1744746620.
2, 5, 87237331
List the prime factors of 7595852.
2, 11, 172633
List the prime factors of 38888577.
3, 7, 13, 103, 461
List the prime factors of 3612109243.
31, 131, 613, 1451
List the prime factors of 11830187.
11830187
List the prime factors of 129254273.
23, 163, 1499
List the prime factors of 2347775552.
2, 3631, 10103
List the prime factors of 2473382832.
2, 3, 23, 881, 2543
What are the prime factors of 152234465?
5, 37, 822889
What are the prime factors of 137149415?
5, 13, 101, 1607
List the prime factors of 1232769114.
2, 3, 2111, 32443
List the prime factors of 506975804.
2, 126743951
List the prime factors of 1356359638.
2, 29, 167, 233, 601
What are the prime factors of 5193044621?
17, 305473213
What are the prime factors of 803043856?
2, 37, 173, 7841
List the prime factors of 71433060.
2, 3, 5, 509, 2339
List the prime factors of 239980563.
3, 107, 27689
List the prime factors of 262857624.
2, 3, 29, 43, 8783
List the prime factors of 751798259.
17, 44223427
What are the prime factors of 118727961?
3, 11, 3597817
List the prime factors of 573884192.
2, 7, 43, 59581
List the prime factors of 465592674.
2, 3, 857, 90547
List the prime factors of 66545382.
2, 3, 827, 13411
List the prime factors of 252709788.
2, 3, 47, 448067
List the prime factors of 146206109.
7, 20886587
What are the prime factors of 83227362?
2, 3, 139, 99793
What are the prime factors of 12206110?
2, 5, 7, 41, 4253
What are the prime factors of 38947789?
38947789
List the prime factors of 5211784857.
3, 43, 40401433
What are the prime factors of 272970930?
2, 3, 5, 367, 24793
What are the prime factors of 536820362?
2, 13, 2011, 10267
What are the prime factors of 698603947?
12149, 57503
List the prime factors of 1089301725.
3, 5, 4841341
What are the prime factors of 244272298?
2, 37, 241, 13697
What are the prime factors of 4719444352?
2, 7, 19, 277223
What are the prime factors of 1212514018?
2, 17, 2267, 15731
What are the prime factors of 8202276?
2, 3, 173, 439
List the prime factors of 75610595.
5, 19, 53, 15017
What are the prime factors of 64761158?
2, 7, 11, 19, 22133
What are the prime factors of 4189666115?
5, 83, 2237, 4513
What are the prime factors of 2730606236?
2, 4099, 166541
List the prime factors of 4591937.
7, 31, 3023
What are the prime factors of 67707583?
17, 19, 209621
What are the prime factors of 3045656822?
2, 13, 79, 167, 683
What are the prime factors of 4207345658?
2, 2103672829
What are the prime factors of 482510720?
2, 5, 281, 2683
List the prime factors of 2843709968.
2, 11, 16157443
List the prime factors of 408886130.
2, 5, 40888613
What are the prime factors of 81454882?
2, 40727441
List the prime factors of 2122326867.
3, 31, 233, 97943
List the prime factors of 1579957.
571, 2767
What are the prime factors of 38080406?
2, 7, 13, 209233
What are the prime factors of 8214301377?
3, 6271, 145543
List the prime factors of 342011177.
342011177
List the prime factors of 8061220302.
2, 3, 19289, 69653
What are the prime factors of 884116656?
2, 3, 6139699
List the prime factors of 3124515517.
199, 15701083
List the prime factors of 52830766.
2, 4253, 6211
What are the prime factors of 140099862?
2, 3, 7, 347, 9613
List the prime factors of 37218195.
3, 5, 7, 16879
List the prime factors of 11026639.
13, 848203
List the prime factors of 2676537851.
13, 17, 41, 89, 3319
What are the prime factors of 239704865?
5, 29, 31, 53327
What are the prime factors of 2877144383?
37, 2063, 37693
List the prime factors of 61307640.
2, 3, 5, 170299
List the prime factors of 44630956.
2, 11157739
List the prime factors of 3357019301.
3357019301
What are the prime factors of 1198986274?
2, 23, 113, 230663
What are the prime factors of 234672230?
2, 5, 13, 19, 95009
List the prime factors of 580540149.
3, 7, 3071641
What are the prime factors of 222232328?
2, 977, 28433
What are the prime factors of 1460357270?
2, 5, 41, 3561847
List the prime factors of 832333.
19, 71, 617
List the prime factors of 3397290813.
3, 7, 383, 140797
List the prime factors of 292574096.
2, 37, 494213
What are the prime factors of 1411595697?
3, 17, 47, 211, 2791
List the prime factors of 170937365.
5, 34187473
List the prime factors of 1080084222.
2, 3, 7, 17, 19, 26539
List the prime factors of 189565040.
2, 5, 7, 167, 2027